n - 1. Let a be d(v). What are the prime factors of 19 - (a + (-3)/(-3))?
3, 7
Let c(w) = -4*w**2 - 3*w + 12. Let h(z) = -9*z**2 - 5*z + 25. Let x(d) = 7*c(d) - 4*h(d). List the prime factors of x(-5).
3, 7
Let n(q) = q**2 + q + 6. Let s be n(13). Suppose -5*j = -4*j + 5*o - 88, -2*j = 4*o - s. List the prime factors of j.
2, 7
Let d = 35 - 26. Suppose d*m = 333 + 162. What are the prime factors of m?
5, 11
Suppose 17*c + 187704 = 83*c. List the prime factors of c.
2, 3, 79
Suppose -4*p + 2616 = 4*p. List the prime factors of p.
3, 109
Suppose -55 = -5*d + 5*c, -4*c = 3*d + 9 - 49. Let y = d - -35. Let k = y - 21. What are the prime factors of k?
2, 13
Let x be 127/5 + 9/(225/(-10)). What are the prime factors of ((-106)/5)/((-5)/x)?
2, 53
Suppose -5*s + 3582 = -l, 14*s + 2*l = 9*s + 3576. List the prime factors of s.
2, 179
Let z(l) = -2*l**2 + 15*l + 21. Let v(r) = r**2 - 8*r - 11. Let u(f) = -11*v(f) - 6*z(f). Let i = -5 + 15. List the prime factors of u(i).
3, 5
Suppose 337 - 1247 = -7*b. Suppose -b = -3*m + 3*p + 104, 2*p - 136 = -2*m. What are the prime factors of m?
73
Let t = -14 + 10. Let y be 166/8*t/(-1). Suppose -2*q + y = 17. List the prime factors of q.
3, 11
Suppose 0 = 2*h - i - 134, 5*h + 0*h - 5*i = 325. Suppose 0 = 4*y - 3*y - h. List the prime factors of y.
3, 23
Let h = 43 - 27. Suppose -4*s + h = -0*s. Let q(g) = -g**2 + 10*g + 2. List the prime factors of q(s).
2, 13
Let h = 436 - 18. What are the prime factors of h?
2, 11, 19
Let u(y) = -235*y + 688. What are the prime factors of u(-5)?
3, 23
Suppose -13*h + 10277 = 5*u - 9*h, -2*u + 4104 = 5*h. List the prime factors of u.
11, 17
Let c be 1*(-1 + 0)*-2. Let y be 1 - (c/(-1) - 2). Suppose -r = 4*s - 7, -s + y*s = -2*r + 34. List the prime factors of r.
3
Let t(j) = -4*j + 4*j - 5 + 3*j. Suppose 5*u + 30 = 5*d, -5*d + 4*u + 16 = -12. List the prime factors of t(d).
7
Let m(h) = 152*h**3 + 3*h - 3. What are the prime factors of m(1)?
2, 19
Let u(d) = 12*d**2 - 7*d + 2. Let m = 95 + -91. What are the prime factors of u(m)?
2, 83
Let z be 2*((-9)/12*2)/(-3). Suppose -3*x + 183 = 4*a, 3*x + z = 4. What are the prime factors of a?
3, 5
Let o = -1964 - -3736. List the prime factors of o.
2, 443
Suppose -11 - 9 = -5*q. Suppose -q*o + 335 = -5. List the prime factors of o.
5, 17
Suppose -5*x - 80 = -0*x. List the prime factors of x/(-20) - (-536)/5.
2, 3
Let s(f) = 318*f**3 - 2*f**2 - 3*f + 2. What are the prime factors of s(1)?
3, 5, 7
Suppose -46*t + 21852 + 53312 = 0. List the prime factors of t.
2, 19, 43
Let k(v) = v**3 + 17*v**2 - 18*v - 24. List the prime factors of k(-13).
2, 443
Let u = 156 - -74. List the prime factors of u.
2, 5, 23
Let w(h) = h**3 + 7*h**2 + 8. Let a be -1 + 1 - (-2 - -9). Let x be w(a). Suppose -32 = -y - x. What are the prime factors of y?
2, 3
Let x(t) = -5 + 0 - 13 + 5*t + 2*t. List the prime factors of x(12).
2, 3, 11
Suppose -3*i = i + 728. Let k = i + 327. List the prime factors of k.
5, 29
Let f be (6/(-8))/(2/(-160)). Suppose 3*m = -m + f. Suppose 3 + m = t. List the prime factors of t.
2, 3
Suppose -5*d = -3*o + 7187, -2393 = -250*o + 249*o + 3*d. List the prime factors of o.
2399
Suppose -5*a + 36 = -a. Let o be (-9)/(a/(-2)) - 2. Suppose -3*l + 12 - 3 = o. List the prime factors of l.
3
Suppose -v + 5*h = 64 - 512, 1792 = 4*v - 2*h. List the prime factors of v.
2, 7
Let h(f) = 2*f - 12. Let u be h(9). Let n be (0 + (-4)/(-8))*u. List the prime factors of n*(-22)/(-3) + -3.
19
Let q(z) = z + 1. Let o be q(1). Suppose 4 = -3*s + 4*s. Suppose -2*u - o*i = -u - 33, 0 = -s*u + 3*i + 88. What are the prime factors of u?
5
Let b(l) = -l**3 - 9*l**2 + 4*l - 4. Let m be -11 - 2*4/(-8). Let c be b(m). What are the prime factors of c/10*(5 + 0)?
2, 7
Suppose 0 = -20*w + 5*w + 35775. List the prime factors of w.
3, 5, 53
Let a = -165 + 365. Let d(m) = m**3 - 6*m**2 + 5*m - 6. Let r be d(5). List the prime factors of r/4 + a/16.
11
Suppose -4*n + 8 = 0, -3*r - 5*n + 1910 = r. What are the prime factors of r?
5, 19
Let d = -1504 + 2645. List the prime factors of d.
7, 163
List the prime factors of (285/6)/(-3 + (-254)/(-84)).
3, 5, 7, 19
Suppose 2712 = -8*z + 11704. What are the prime factors of z?
2, 281
Suppose 5*m = 448 + 182. Suppose 9*h + m = 12*h. What are the prime factors of h?
2, 3, 7
Let z(g) = -g**3 - 6*g**2 + 5*g - 23. List the prime factors of z(-9).
5, 7
Let b(h) = -2*h + 34. Let f be b(15). Suppose -312 = -f*g + 3*x, 7*g + 4*x = 4*g + 234. What are the prime factors of g?
2, 3, 13
Suppose 3*t + t + 31 = -3*f, 5*t + 53 = f. Let q(a) = 5*a**3 + 8 + 6*a - 4*a**3 + 4*a + 11*a**2. What are the prime factors of q(t)?
2
Suppose 35 = -w + 188. Let j be (1 + -2)*(-6)/2. Suppose -6*p = -j*p - w. List the prime factors of p.
3, 17
Let p(z) = -43 + 41 + 0*z - z + 5*z. What are the prime factors of p(2)?
2, 3
Suppose 15*m = -6*m + 1134. List the prime factors of m.
2, 3
Let u(n) = 11*n**2 + 4*n + 3. Let x be 6/(-4)*(4 + 16/(-6)). List the prime factors of u(x).
3, 13
Let s(l) = l**3 - 4*l**2 - l - 5. Let h be s(5). Let p = h + -21. Let q(v) = -5*v + 17. What are the prime factors of q(p)?
47
Suppose q = 3*v - 148, -11*v + 9*v + 2*q = -100. Suppose -2*h + v = -153. List the prime factors of h.
101
Let r(d) = 56*d**2 - d + 10. List the prime factors of r(-5).
5, 283
Let l be -448 - (-4 + (1 + -2 - -3)). What are the prime factors of (2/(-3))/2 + l/(-6)?
2, 37
Let i(r) = -158*r - 263. What are the prime factors of i(-10)?
3, 439
Suppose -3*x - c + 3754 = 0, -3*x - 21*c + 3748 = -17*c. List the prime factors of x.
2, 313
Let u be 17/(-5) + (-18)/(-45). Let b(x) be the third derivative of x**5/60 - x**4/24 + x**3/6 + x**2. List the prime factors of b(u).
13
Suppose -m = 4*j - 85, 8 = -j + 2*m + 18. List the prime factors of (-21 - (0 + -1))*j/(-4).
2, 5
Let w be (-3 + 3)/(1*(-3 + 2)). Suppose -2*d + 4*a + 128 = w, 4*d + a - 64 = 3*d. What are the prime factors of d?
2
Suppose 4*l = -7*y + 10*y + 16, 2*y - 4*l = -12. List the prime factors of 2/y*((-3 - 6) + 3).
3
Let s(c) = -c**2 - 11*c - 2. Let o be s(-4). Suppose 0 = -o*d + 22*d + 232. List the prime factors of d.
2, 29
Let v be (-7 - 7)*6/(-4). Let z be 2/6 - (-1778)/v. Suppose -4*y - 3*d = -z, -3*y - 2*d + d + 60 = 0. List the prime factors of y.
19
Let d(o) = o**2 + 3*o - 2. Suppose 5*w - 3*p = -19, 10*p - 5*p + 35 = -5*w. Let f be d(w). Suppose 0 = i + 3*i - f. What are the prime factors of i?
2
Suppose 0 = -3*d + 15, -6*a - d = -2*a - 2617. What are the prime factors of a?
653
Suppose 3*f = f - 3*n + 3885, 4*n - 12 = 0. What are the prime factors of f?
2, 3, 17, 19
Suppose g + 1 = -y - 3*g, 0 = -5*g - 20. Suppose y*i + 24 = 18*i. What are the prime factors of i?
2
Suppose o + 2*o + 2*t = 565, -562 = -3*o - 5*t. Suppose -4*d - q = -o, 2*d + 3*q - 98 = -q. List the prime factors of d.
47
Let b = 415 - 183. List the prime factors of b.
2, 29
Suppose 0 = 4*x - 9*x + 4*k + 2085, 0 = 5*x + k - 2110. List the prime factors of x.
421
Let o(c) = c + 1. Let i(b) = 148*b + 222. Let n(u) = -i(u) + 222*o(u). What are the prime factors of n(2)?
2, 37
Let f(w) = 12*w + 1. Let o be f(5). Let y = o + -107. What are the prime factors of (0 - 2/4)*y?
23
Suppose 2*s = s + 1697. Let c = 1099 - s. List the prime factors of c/(-13) - -1*1.
47
Suppose 0 = -o - 3*t + 367, 0 = 4*o - 3*o + 2*t - 365. List the prime factors of o.
19
Let y = 1617 - 1140. What are the prime factors of y?
3, 53
Let a(j) = -j**3 - 2*j**2 + 6*j + 6. Let h be a(-6). Suppose 0 = -2*n - 10, -h - 30 = -4*y - 4*n. What are the prime factors of y?
41
Let u(d) = -d - 1. Let t(g) = 3 + 0 + 4 - 5. Let i(j) = -2*t(j) - 3*u(j). What are the prime factors of i(9)?
2, 13
Suppose 8*y - 20 = 3*y. Suppose -y*x = -x - 27. Let n = x - 5. What are the prime factors of n?
2
Let y = -2656 - -3834. List the prime factors of y.
2, 19, 31
Let c = 17 + -14. Let d = -1 + c. What are the prime factors of 4/(0 - d/(-17))?
2, 17
Let k(d) = -d - 5. Let m be k(-3). Let r be (m/5)/((-7)/35). Suppose r*b - 112 = -3*p, 9 = 4*b - 11. What are the prime factors of p?
2, 17
Let l(b) = -414*b + 31. Let a(k) = 83*k - 6. Let f(n) = -11*a(n) - 2*l(n). List the prime factors of f(-3).
7, 37
Suppose -3*s - 91 = 2. Let w = s - -13. Let h = w + 25. List the prime factors of h.
7
Let w(v